 = 2*n**3 + 14995*n**2 + 7 - n**3 + 2*n - 15001*n**2. Calculate r(y).
-8
Let j(n) = 3*n**3 + 8*n**2 + 2*n + 7. Let c(r) = 2*r**3 - 73*r**2 - 37*r - 3. Let h be c(37). Calculate j(h).
-8
Let p(s) = -48*s**2 + s + 354. Let j(x) = -49*x**2 + 414. Let c(l) = -6*j(l) + 7*p(l). Give c(1).
-41
Let n(i) be the third derivative of i**5/60 - i**4/24 - 3*i**3 + 40*i**2. Let v = 25 - 22. Suppose 2*q = v*q. What is n(q)?
-18
Let l(k) = -42*k**2 - 32*k + 54. Let v(u) = -8*u**2 - 6*u + 10. Let x(c) = -2*l(c) + 11*v(c). Give x(1).
-4
Suppose q + 4*q - 28 = -v, -5*q - 50 = -5*v. Let n(x) be the first derivative of x**4/4 - 14*x**3/3 + 6*x**2 - 6*x + 7781. What is n(v)?
-19
Suppose 14*l = -11*l + 103*l. Let p(m) be the third derivative of 7/6*m**3 + m**2 + 1/24*m**4 + l*m + 0. What is p(-7)?
0
Let f(b) = -13*b + 27. Let i(z) = z + 1. Let u(y) = -45*y - 18. Let g(o) = 36*i(o) + u(o). Let h(w) = -5*f(w) + 7*g(w). Suppose 273 = 3*a + 252. Calculate h(a).
5
Suppose -4*r + 32*l - 29*l = -31, 3*l = -15. Let i(d) be the third derivative of 0*d + 5/24*d**r - 16*d**2 + 0 + 1/6*d**3. Determine i(1).
6
Suppose -286 = 4*c + 42*c + 82. Let i(x) = -x**3 - 7*x**2 + 9*x + 18. What is i(c)?
10
Suppose 7*u + w + 10886 = 8*u, -u + 2*w = -10885. Let p(r) = u*r + r**3 + 0*r**3 - 10886*r + 1 - r**2. Give p(0).
1
Suppose 9*y = -32 + 50. Let u(r) = -r**2 - 811*r**3 + 404*r**3 - y + 406*r**3. Give u(0).
-2
Let s(f) = -13*f - 21. Let k(u) = 9*u + 18. Let t(p) = 3*k(p) + 2*s(p). What is t(-15)?
-3
Let r = -2284 + 2292. Let f(n) = 13*n - n**2 + 2 - 4*n + 2. Give f(r).
12
Let j(c) be the second derivative of -55*c**3/6 + 213*c**2/2 - 164*c - 20. What is j(4)?
-7
Let r(k) = 54*k**3 - 58*k**2 + 63*k - 30. Let n(q) = 34*q**3 - 39*q**2 + 42*q - 20. Let d(p) = -8*n(p) + 5*r(p). Give d(10).
0
Let y(k) = -11*k**2 - 6*k + 42. Let h(t) = -21*t**2 - 12*t + 80. Let s(n) = 10*h(n) - 19*y(n). Determine s(-6).
2
Let n(a) = -2*a**2 + 19 - 25 + 0*a**2 - 2*a - 6*a. Let d = -169 + 173. Let m = -1 - d. Give n(m).
-16
Let c(b) = -1 + 20*b + 1 - 21*b. Let j(r) = -4*r + 2. Let f(p) = c(p) + j(p). Let i(s) = s**3 + 3*s**2 - s - 1. Let k be i(-3). Calculate f(k).
-8
Let v(f) be the second derivative of -2*f**3/3 + 16*f**2 - 2137*f. Determine v(7).
4
Let p(l) be the third derivative of 1/60*l**5 - l**3 + 12*l**2 + 0 - 3*l - 1/6*l**4. Give p(7).
15
Let g(v) = -21 + 4*v - 14 - 16 + 34. Calculate g(7).
11
Let l(k) be the second derivative of k**5/20 + k**4/2 - k**3/6 - 3*k**2/2 + 2*k. Suppose 0 = -2*i + p - 6, 30*p = -4*i + 29*p - 30. Give l(i).
3
Let w(a) be the second derivative of -15*a**4/4 + a**3/3 - a**2 - 24*a + 4. What is w(1)?
-45
Let p(j) be the third derivative of -j**5/60 - 5*j**4/24 + 5*j**3/6 + 39*j**2. Let o be -9*((-1)/(-6) + (-7)/(-14)). What is p(o)?
-1
Let i(w) = -3*w**2 + 10*w - 6. Let a = -172 - -167. Let y(x) = 29*x + 149. Let u be y(a). What is i(u)?
-14
Let k(n) = 10*n**2 - 47*n - 30. Let d(x) = 13*x**2 - 53*x - 29. Let j(a) = -4*d(a) + 5*k(a). Give j(-10).
-4
Let a(t) = 2*t**3 - 15*t**2 + 6*t + 1. Suppose -72 = -12*l - 4*g, -4*l - g - 15 = -40. Give a(l).
-6
Let z = -22196 - -22198. Let x(y) be the third derivative of -38*y**z + 0*y + 11/24*y**4 + 1/2*y**3 - 1/120*y**6 + 3/20*y**5 + 0. Determine x(10).
13
Suppose -u - 1 = -2*u. Let v(x) = 4*x**3 - x + 1. Let l be v(u). Let t(n) = -l*n**3 + 18 - 8 - n - 9. Calculate t(1).
-4
Let s be 2*855/(-66) + 171/(-1881). Let m(d) = -d**3 - 25*d**2 + 25*d - 10. Calculate m(s).
16
Let a(x) be the third derivative of -x**5/60 - x**4/2 + 3*x**3 + 3*x**2 + 5*x - 23. What is a(-12)?
18
Let w be (450/(-42) - -11)/((-96)/(-14) + 0). Let l(r) be the third derivative of -10*r**2 + 7/60*r**5 + 1/120*r**6 - w*r**4 + 0*r - r**3 + 0. Determine l(-7).
1
Let f(t) = -32*t**3 - 16*t**2 + 54*t - 293. Let w(b) = 5*b**3 + 2*b**2 - 9*b + 49. Let q(o) = 2*f(o) + 13*w(o). What is q(6)?
-3
Let z = -9004 - -8987. Let g(j) = 6*j + 61. What is g(z)?
-41
Let u(y) = y**2 - 6*y - 5. Suppose -5*t + 45 = 10. Let q be u(t). Let m(c) = 4 + 6 - 4*c**2 + q*c - c**3 - 5. Calculate m(-4).
-3
Let u(w) = -36 - 742*w + 369*w + 383*w. Determine u(4).
4
Let f be (-18)/2*(36/(-27))/4. Let r(t) = -t**2 + 6*t - 15. What is r(f)?
-6
Let w(r) be the first derivative of -10*r**3/3 - 21*r**2/2 + 29*r - 44. Let y(t) = -3*t**2 - 7*t + 10. Let o(d) = -2*w(d) + 7*y(d). Give o(-9).
-6
Let d(m) be the first derivative of 3*m**2/2 - 15*m - 2502. Calculate d(4).
-3
Let z(a) = 5*a + 17. Let c be z(-3). Let h(m) = -64*m + c*m**2 + 33*m + 2 + 0 + 28*m. Give h(5).
37
Let h(q) = -7*q**2 - 1. Suppose -7*p + 24 = -32. Suppose 0 = 3*j - p + 11. Determine h(j).
-8
Let l(d) = -25*d**2 - 8*d + 7. Let r(b) = 4*b**2 + b - 1. Let t(i) = 2*l(i) + 13*r(i). Calculate t(-7).
120
Let d(a) = 0 + 1 + 2*a - 1044*a**2 - a + 4*a**3 + 1046*a**2 - 3*a**3. Determine d(2).
19
Suppose 4*x + 55 = 9*x. Let c be (x/1)/1 - (-15)/(-5). Let z(m) = -2 - m**2 + 5 - c*m + 7. Determine z(-9).
1
Let h(r) = r - 2. Let c(m) = 2*m**2 + 8*m - 6. Suppose -2*z + 1 = -3*z. Let j(i) = -i**2 - i. Let b(x) = z*j(x) - c(x). Let u be b(-7). Give h(u).
4
Let w(j) = -j. Let q = 118 - 115. Suppose 14*m - 18 = 11*m - q*s, -4*s + 20 = 0. Give w(m).
-1
Let h = 76 + -82. Let g be (6/9)/(120/(-18) - h). Let c(l) = -19*l - 1. Calculate c(g).
18
Let u(x) = 2*x + 0*x - 5*x + 1. Let s = 2154 - 2150. Calculate u(s).
-11
Let g = 5829 + -5834. Let c(x) be the second derivative of x**3/3 - 3*x**2/2 - 12*x. Calculate c(g).
-13
Let z(c) = 3*c**2 + 28*c + 28. Let u be (-6077)/721 - (-6)/14. Determine z(u).
-4
Let t(v) = 2*v - 11. Let g = -2663 + 2665. Calculate t(g).
-7
Let f be (18/(-30)*5)/((-12)/(-8)). Let l(m) = -m - 1. Calculate l(f).
1
Let j(d) = -2*d. Let i be j(3). Let c(u) = 6*u**2 - u**3 + 5 - 17*u - 16*u**2 - 9*u + 18*u + 2*u**2. Determine c(i).
-19
Let d(k) be the third derivative of 8*k**2 + 0*k**4 + 1/60*k**6 + 1/30*k**5 + 0 + 0*k - 1/6*k**3. Suppose 123*i - 122*i + 2 = 0. Calculate d(i).
-9
Let z = -161 + 153. Let a be -1*(-130)/25 - z/10. Let t(m) = -5*m + 3. Let o(p) = 4*p - 3. Let s(h) = 6*o(h) + 5*t(h). What is s(a)?
-9
Let t(g) = -g**2 + 26*g - 3. Let a(d) = -d**2 + 30*d - 5. Let m(o) = 6*a(o) - 7*t(o). Give m(-4).
15
Let b = -251 - -254. Let o(w) = -w**2 - 7*w + 34. Let m be o(b). Let f(z) = -4*z + 21. What is f(m)?
5
Let q(l) = l**3 + l**2 - 2*l - 3. Suppose -o - 8*j = -7*j - 11, o = -2*j + 12. Suppose -16*h - 22 - o = 0. Calculate q(h).
-3
Let q be 4 + (-207)/15 + 19 + 192/(-10). Let n(s) = s**2 + 9*s + 1. Calculate n(q).
11
Let c be (-1 + 54)/1*(-29 + 30). Let u = c - 51. Suppose -4*s = -4*v + 16, 3*v + 2*s = -u*s + 5. Let z(n) = -n**2 + 4*n - 4. Determine z(v).
-1
Let v(f) = -3*f + 11. Suppose 0 = -0*d - 5*d + 25. Let r be v(d). Let u(k) = -5*k - 9*k**2 + 2 + 3*k + 13*k**2 + k**3. Give u(r).
10
Let y(w) = 6*w - 5. Let c = 144 - -131. Let b = c + -268. Determine y(b).
37
Let c(w) = 5*w**3 + w - 2. Let q(k) = 5*k**3 + 5*k + 13. Let n(p) = -p**3 - p - 3. Let t(d) = 9*n(d) + 2*q(d). Let f(o) = -c(o) + 4*t(o). Determine f(2).
-4
Let b be (26789/(-172))/(2/(-8)). Let y = -619 + b. Let o(a) = -a + 9. Determine o(y).
5
Suppose -4*o = 4*m - 24, -2*o - 6 = -3*o + 3*m. Let l(i) = -11*i**3 - i + 38. Let j(n) = 2*n**3 - n**2 - 5. Let h(g) = 6*j(g) + l(g). Calculate h(o).
2
Let o(s) be the first derivative of s - 7/2*s**2 + 72. What is o(1)?
-6
Suppose 0 = -3*w + 5*q + 22, -3*q = w + 29 - 41. Let n(g) = g - 26. Determine n(w).
-17
Let o = 137 + -133. Let a(k) = 0 + k**2 + 18*k - 22*k - o. Calculate a(4).
-4
Let i(p) be the second derivative of -p**5/20 + 7*p**4/12 - 7*p**3/6 - p**2 + 2*p - 3499. Let y(b) = -b. Let v be y(-5). What is i(v)?
13
Suppose 2*t = -4, -3*o - 3*t = -5*o + 236. Let j = -121 + o. Let c be 9*(-4)/(-54) + 40/j. Let r(i) = -i**2 - 3*i + 1. Determine r(c).
-17
Let l(r) be the second derivative of -r**4/3 - 2*r**3/3 - r**2 + r - 20. Suppose -3 = -y - 5. Determine l(y).
-10
Let v be ((-14)/4)/(2/(-4)). Let r(a) = 9 + 1757*a - 889*a - 869*a. Determine r(v).
2
Let j = 514 - 509. Suppose 3*o = -7*d + 2*d + 7, 21 = -j*d + 4*o. Let a(b) = -11*b - 1. Calculate a(d).
10
Let j(s) be the third derivative of -53*s**4/24 + 106*s**3/3 - 145*s**2 - 2*s - 2. Give j(4).
0
Let t be (11 - (-15 - -26))/(-1). Let q(a) = -7 - 8 - a**2 - a + 2*a + 0*a**3 + a**3. Give q(